reatest common factor of y and 6?
6
Let t be (1 + (-35)/15)*(-318)/4. Let l = t + -46. Calculate the highest common divisor of l and 40.
20
Suppose -5*s + 5*y = 0, s + 5*y - 13 = 11. What is the greatest common factor of s and 8?
4
Let t = -6 + 13. Suppose 10*q - 146 = 8*q - 2*f, 0 = 5*q - f - 389. Calculate the highest common divisor of q and t.
7
Let b = -17 - 27. Let u = b - -176. Suppose -u - 108 = -4*o. What is the highest common divisor of o and 40?
20
Suppose -4*j = -5*c + 150, -4*j - 140 = -5*c - 2*j. Suppose 4*r - 56 = 256. Calculate the greatest common divisor of c and r.
26
Suppose 7*x - 2*x - 25 = 0. Let b = x + 15. Let v be 2/((627/(-210) - -3)*1). Calculate the greatest common factor of v and b.
20
Let a be 32430/180 - ((-10)/12)/(-5). What is the highest common factor of 20 and a?
20
Suppose -64*b + 40*b + 2088 = 0. What is the greatest common factor of 29 and b?
29
Let j be -2*(-2)/(-3)*-30. What is the highest common divisor of 80 and j?
40
Let y(n) = n + 4. Let i be y(-4). Suppose -2*z + 4 + i = 0. Let b(u) = u**3 + u - 1. Let f be b(z). Calculate the highest common factor of f and 27.
9
Suppose -5*b - 4*u = -50, -25*u = -5*b - 24*u + 75. What is the highest common factor of b and 70?
14
Suppose -j = -2*l + 221, 2*l + 2*j - 236 = -2*j. What is the greatest common factor of 84 and l?
28
Let v(m) = -50*m. Let r be (6/5)/(3/(-10)). Let k be v(r). Let q(w) = -w**3 + 7*w**2 - 3*w + 7. Let z be q(6). Calculate the greatest common divisor of k and z.
25
Let a(x) be the second derivative of 6*x - 13/2*x**2 + 0 + 1/12*x**4 - 4/3*x**3. Let j be a(10). What is the highest common factor of 77 and j?
7
Let a(w) = 9*w**2 - 133*w + 324. Let k be a(3). Let g = 78 + 36. What is the greatest common factor of g and k?
6
Let b(o) = o**3 + 6*o**2 - 3*o + 4. Let u be b(-3). Let r = 6 - -14. Let p be (1/4)/(1/r). What is the greatest common factor of u and p?
5
Let t(p) = p**2 - 2*p - 1. Let f be t(-5). Suppose -26 - f = -4*v. Let n be (-11)/(88/(-80)) - 3 - -68. Calculate the highest common divisor of n and v.
15
Let n(p) = -p**2 + 57*p + 21. Let a be n(12). Calculate the greatest common factor of a and 33.
33
Suppose 2*b + 8*w - 52 = 9*w, b + w - 26 = 0. Calculate the greatest common divisor of b and 234.
26
Suppose -7*j + 36 = -4*j. Suppose 4*w + j = 8*w. Let b(n) = 3*n + 10. Let g be b(w). What is the highest common divisor of g and 38?
19
Let a be (0 - 7)/((9/(-2))/9). Calculate the greatest common divisor of 322 and a.
14
Let z be (-36)/18 - (-66 + -1). What is the highest common factor of 26 and z?
13
Let h(d) = -d - 15. Let o be h(-14). Let i be -51*o*33/9. Let q = -112 + i. Calculate the greatest common factor of q and 15.
15
Let g be (-6)/4*(4 - 14/3). Calculate the greatest common divisor of 9 and g.
1
Suppose 0 = -j + 5*j - 12. Let h be 13/(-39) - (-133)/j. What is the greatest common factor of h and 22?
22
Let h(b) = b**2 + 53. Let o be h(0). Let q = 56 - o. Calculate the greatest common divisor of 27 and q.
3
Suppose -g + 211 = -5*f + 1751, -2*f - 4*g + 638 = 0. Calculate the greatest common factor of 3 and f.
3
Suppose a = 5*g + 153, 0 = -3*a - 0*a - 2*g + 374. Let s = a - 80. What is the highest common factor of 12 and s?
12
Let x be -1 + 2 + 1 + 0. Let n = 13 + x. Suppose -29*y - 64*y + 828 = 45*y. Calculate the greatest common divisor of n and y.
3
Let j be 1 + 2 - (9 + 0 - 101). What is the highest common factor of j and 1425?
95
Let k be 2 + -38*(-2)/4. Let c(f) = 3*f**2 - 10*f + 8. Let q be c(6). Suppose 10*n = 14*n - q. What is the highest common divisor of n and k?
7
Let h = 2 - 0. Suppose h*p = -10, -l = -5*l + 3*p + 23. Suppose -44 + 10 = -l*c - 2*w, 2 = 2*w. What is the greatest common factor of c and 144?
16
Suppose -5*a = 0, a = -2*g + 2*a + 154. Calculate the highest common divisor of 7 and g.
7
Suppose -5 = h, -h = 2*s - 2*h - 9. Let a(y) = y + 7. Let b be a(-5). Calculate the greatest common factor of b and s.
2
Suppose 0 = -5*p + 17 + 3. Suppose -p*q - 3*j = -2*j - 128, -2*j + 64 = 2*q. Let l = 48 - q. Calculate the highest common divisor of 4 and l.
4
Let o(b) = 20 + 1 - 3*b - 3 - 9. Let t be o(-6). Calculate the highest common divisor of 9 and t.
9
Let a = 112 - 293. Let v = a - -255. Calculate the highest common divisor of v and 37.
37
Let s = 215 + -80. Suppose 3*l + 3*k = 147, 5*k - 164 = -4*l + 9*k. Calculate the greatest common divisor of s and l.
45
Let x(r) = -r + 154. Let q be x(31). Calculate the highest common divisor of 328 and q.
41
Suppose -49*q + 40*q = -3933. Calculate the greatest common factor of q and 69.
23
Let v be (-10)/(-2 + -3) + 2. Suppose -v*k + 7*k = 42. Calculate the highest common divisor of k and 70.
14
Suppose -p - 3*p - 72 = 5*v, 2*v + 26 = -3*p. Let b = v - -40. Calculate the highest common factor of b and 24.
24
Let w = -2 + 0. Let i(t) be the first derivative of -5*t**2 + 3*t + 19. Let z be i(w). Calculate the highest common factor of 23 and z.
23
Suppose -4*s - 20 = 0, 841 = 3*l - 5*s - 1200. What is the highest common divisor of l and 18?
6
Let n be ((-594)/(-30))/(5/50). Calculate the greatest common factor of n and 18.
18
Let s = 653 - 610. What is the highest common factor of s and 1849?
43
Let c be ((-4)/(-6))/((-2)/108). Let y(p) = 3*p**2 - 28*p + 14. Let f be y(11). Let r = c + f. Calculate the highest common divisor of 11 and r.
11
Suppose 5*s - 1300 = -4*x - 294, 2*x + 388 = 2*s. What is the highest common factor of s and 44?
22
Suppose 7*z = 6*z + 13. Suppose -z*x - 23 = -75. What is the highest common factor of x and 4?
4
Suppose g = d + 13, 2*g = d - 5*d - 82. Let b(u) = -u**3 - 18*u**2 - 2*u - 21. Let r be b(d). What is the highest common divisor of r and 45?
15
Suppose 60 = w + 3*j + 2, 4*j = 4*w - 216. Suppose -4*t = -3*n - 46, -t + 6*t = 5*n + w. What is the greatest common factor of t and 65?
13
Let y(v) = v**2 + 9*v + 10. Let k be y(-8). Suppose w = -k*w + 135. Let d = w + -12. What is the highest common divisor of 22 and d?
11
Suppose 4*m = -12, -a - 2*m - 382 = -1012. Calculate the greatest common divisor of a and 53.
53
Let a = -40 + -40. Let p be 0 + 176/5 + 16/a. Calculate the highest common divisor of p and 14.
7
Let y = 30 + -72. Let p(i) = 9*i + 1. Let l be p(9). Let r = y + l. Calculate the greatest common factor of r and 10.
10
Let x = 557 + -315. Calculate the highest common divisor of x and 22.
22
Let a = 233 + -85. What is the highest common divisor of 37 and a?
37
Suppose 5*k + 4*t - 115 = -20, 4*k - 40 = 4*t. Let u(v) = v**3 - v**2 - 7*v - 3. Let p be u(6). What is the greatest common factor of p and k?
15
Suppose -42 = 5*m - 97. Let l = 5 + m. What is the highest common factor of l and 16?
16
Let d(p) = 2*p**3 - 13*p**2 + 7*p - 7. Let i be d(10). Calculate the greatest common factor of 218 and i.
109
Suppose 872 = 1156*i - 1148*i. Calculate the highest common divisor of i and 763.
109
Let y be -2 + 4/(2/(-1)). Let g(t) = 10*t + 6*t**2 - 7*t - 7*t - 8. Let s be g(y). What is the greatest common factor of s and 13?
13
Let s(r) = 9*r - 1. Let h be s(2). Let u = h + -15. Suppose 0 = y + u*y - 12. What is the highest common divisor of 16 and y?
4
Suppose 144*s = 189*s - 28800. What is the highest common factor of 60 and s?
20
Let s(j) = -60*j - 55. Let y(u) = 20*u + 18. Let w(g) = -3*s(g) - 10*y(g). Let o be w(-3). Calculate the greatest common divisor of o and 9.
9
Let y be 138 + 3/(3 + -4). Suppose 5*a = 990 - y. What is the highest common divisor of 19 and a?
19
Suppose -5*y - 4*v = -4011, 4*y + 3*v + v - 3212 = 0. Calculate the greatest common factor of y and 17.
17
Suppose j = -4*j + 25. Suppose -4*d + j*d + 115 = 0. Let b = 199 + d. What is the highest common divisor of 12 and b?
12
Let q be 3/(-2)*(39 - 45). What is the highest common divisor of 63 and q?
9
Suppose -3*g - 5*x + 109 = 0, 49 + 92 = 3*g - 3*x. Calculate the highest common factor of 43 and g.
43
Let j = -480 - -731. Let x = -26 + j. Calculate the highest common factor of 25 and x.
25
Let c be 3 - (-1 - -6 - 13). Suppose -68 = -c*l + 7*l. Calculate the highest common divisor of 85 and l.
17
Let m = 174 + -98. Let s be ((-17)/(-51))/(1/12). Suppose -5*b = n - 24, -s*n + 16 = -3*n - 3*b. What is the highest common divisor of m and n?
19
Suppose -21 = r - 5*i, -r - 3*r - 3*i = 84. 